 s(n) = -14 + 4 - 3*n + 4*n - 3*n + n**2. Let o be s(7). Let t = -23 + o. List the prime factors of t.
2
Suppose 5*p + 5 = -2*m, -p - 2*m + 19 = -4*p. What are the prime factors of -1 + 1 - p*23?
3, 23
What are the prime factors of (-1 - 2)/(3/(-153*13))?
3, 13, 17
Let c(u) = -17*u**3 + u**2 - 10. What are the prime factors of c(-3)?
2, 229
Let a = -43 - -47. Suppose 0 = -3*c + c + 24. List the prime factors of c/a + (4 - -2).
3
Let p(y) = 15*y**2 + 14*y - 4. Let v be p(-5). Suppose -2*c + c + v = -2*n, 0 = -2*c - 5*n + 611. List the prime factors of c.
3, 101
Suppose -3*l = -2*t + 172, 4*l + 5*t - 234 = 8*l. Let d = 61 + l. What are the prime factors of d?
5
Suppose 3221 = 5*x + 5*b + 391, -3*x + 5*b + 1738 = 0. What are the prime factors of x?
571
Suppose 168 = -3*s - u - 133, -4*s - 5*u - 383 = 0. Let v = s - -156. List the prime factors of v.
2, 3
Suppose -2*u - 139 = 115. Let g = -50 - u. List the prime factors of g.
7, 11
Suppose 3*i - 5*w - 18 = i, 3*i = 3*w + 9. Let b(k) = -95*k - 1. List the prime factors of b(i).
2, 47
Suppose 0 = 1570*f - 1578*f + 28936. What are the prime factors of f?
3617
Let v = -228 - -1914. List the prime factors of v.
2, 3, 281
Let r = 66 - 63. Suppose -r*g - z + 167 = 0, 2*g - 6*z = -z + 117. List the prime factors of g.
2, 7
Let f = -50 - -54. Suppose f*x + 585 = 7*x. List the prime factors of x.
3, 5, 13
Let k(o) = -15*o + 86. Let s be k(5). Let r(x) = -3*x + 1. Let c be r(1). Let q = s + c. What are the prime factors of q?
3
Suppose 4*d + 46 = 2*z, -4*z - 10 = 3*d + 8. Let v be 2/(-1 + (-11)/d). Let m = v - -7. What are the prime factors of m?
3
Let b(z) = 21*z**2 + 33*z + 389. List the prime factors of b(-9).
11, 163
Suppose -3*v + 112 = -95. Suppose -6*o + v = -945. List the prime factors of o.
13
Let g(t) = 3*t - 17. Let k(r) = r**3 + 4*r**2 + 4. Let z be k(-3). List the prime factors of g(z).
2, 11
Let h = 273 - -749. What are the prime factors of h?
2, 7, 73
Suppose 13*r - 16*r + 3 = 0. Let b be 3 - (1 + r - 3). Suppose -63 = -3*w - b*d - 13, 3*w = 4*d + 10. What are the prime factors of w?
2, 5
Let i(h) = -2*h**3 - 19*h**2 + 2*h - 14. Suppose -63 = 5*j - 13. List the prime factors of i(j).
2, 3, 11
Suppose 268 = -5*l + 653. Suppose -l = -5*n - 2*n. Let w(k) = k**3 - 12*k**2 + 14*k + 10. What are the prime factors of w(n)?
43
Suppose -13*g + 8177 + 364 = 0. List the prime factors of g.
3, 73
Let t be 4/(-3)*((-2)/(-2) - -23). What are the prime factors of (t/12)/(4/(-168))?
2, 7
List the prime factors of (-5162)/(-4) - (-3)/6.
1291
Let i(g) = 2*g**2 - 2*g + 20. What are the prime factors of i(8)?
2, 3, 11
Suppose 4195 = -5*p + 1285. Let v be (-1 + -1)*p/12. Suppose 2*s + 4*x - v = -s, -4*s - x = -125. What are the prime factors of s?
31
Suppose -4*s + 3*a + 1150 = 0, 3*a = -s + 67 + 213. List the prime factors of s.
2, 11, 13
Let d(b) be the third derivative of 5*b**2 + 1/60*b**5 + 0*b + 0 + 1/6*b**3 + 1/6*b**4. What are the prime factors of d(-5)?
2, 3
Let i(v) = 3*v + 24. Let h be i(-6). Suppose 1692 = h*k + 6*k. List the prime factors of k.
3, 47
Let c(v) = v + 8. Let d be (-3 - -9)*(-2 + 1). Let w be c(d). What are the prime factors of 15*(w + 3/(-3))?
3, 5
Let g be -1 - -1 - (2 - -2). Let l be -1 - (-27 - (-8)/g). Suppose 5*a + l = 4*h, 4*h = 3*a - 8*a - 12. List the prime factors of h.
2
Let r(g) = 0*g + 2*g + 219 - g - 4*g. What are the prime factors of r(0)?
3, 73
Let u(k) = -k - 9. Let j be u(-11). Suppose -2*z = -2*m - 22, -j*z + 3*m + 27 = 2. Suppose z*y - 78 = 2*y. List the prime factors of y.
13
Let b = 13 - -77. Let n = -38 + b. List the prime factors of n.
2, 13
Suppose 5384 = -12*q + 34748. List the prime factors of q.
2447
Let o = -10 - -20. Let n = o + 1. What are the prime factors of n?
11
Suppose 8*k - 5*k - 51 = 0. Let l = 2 + 10. Let y = l + k. What are the prime factors of y?
29
Let i = 38 - 48. Let n(d) = -9*d + 23. What are the prime factors of n(i)?
113
Suppose 3*o - 34 = -2*a - 2*a, a - 15 = -4*o. List the prime factors of a/((-7)/(-122)) - -2.
2, 31
Let o = 2 - -2. Suppose o*s + 135 = 9*s. Let g = 66 - s. List the prime factors of g.
3, 13
Let b(v) = -121*v + 4. Let t(i) = -241*i + 8. Let k(z) = 7*b(z) - 4*t(z). What are the prime factors of k(1)?
113
What are the prime factors of 2/(-10) - 2*3897/(-45)?
173
Suppose -4*a + 2*d = 400, -6 = 3*d - 0*d. Let o = a + 286. What are the prime factors of o?
5, 37
Let t = 31 - 28. Suppose 178 + 50 = t*q. What are the prime factors of q?
2, 19
Suppose g + 26*g - 95121 = 0. What are the prime factors of g?
13, 271
Suppose -o + 34 + 27 = 0. Suppose 0 = -q - 3*t + o, 0 = 5*t + 14 + 6. List the prime factors of q.
73
Let d(l) be the third derivative of 11*l**5/120 - l**3/6 + 7*l**2. Let z(n) be the first derivative of d(n). List the prime factors of z(2).
2, 11
Suppose 3 + 7 = 5*j. Suppose 0 = -4*z - j*p - 26, -z - p = -2*z + 1. What are the prime factors of z - (-82 + 4) - 4?
2, 5, 7
Suppose -5*l - 20 = 0, -v = 9*l - 5*l + 9. List the prime factors of ((-231)/(-7) - v)/(4/26).
13
Suppose -33552 = 225*u - 233*u. List the prime factors of u.
2, 3, 233
Let f be 3 + -1 + 7*7. Let x be (0 - (-638)/8) + (-3)/(-12). Let s = x - f. What are the prime factors of s?
29
Let d = 555 + 644. What are the prime factors of d?
11, 109
Suppose -6*j = -3*j - 162. Let g be j/8 - (-3)/12. Suppose 3*n - g = k, 1 = -n + 4*k + 7. What are the prime factors of n?
2
Let i(q) be the first derivative of -q**4/12 + 11*q**3/6 + 3*q**2 - 6. Let w(a) be the second derivative of i(a). What are the prime factors of w(-11)?
3, 11
Let y(z) = -2*z + 11. Suppose -x - 3*m = 23, 5*x - m + 0*m = -35. List the prime factors of y(x).
3
Suppose 26*o = -9*o + 37485. List the prime factors of o.
3, 7, 17
Let j = 2016 + -1013. What are the prime factors of j?
17, 59
Suppose 2*s = 3*z + 1281, 0 = 9*s - 14*s - 4*z + 3237. List the prime factors of s.
3, 5, 43
Let l(p) be the third derivative of -p**5/60 - p**4/24 + 5*p**3/6 + 3*p**2. Let n be l(-3). Let v = 15 + n. What are the prime factors of v?
2, 7
Let b be (-1 + 4)*(-8)/(-24) - 198. Let g = b + 286. What are the prime factors of g?
89
Suppose p + 2*q - 207 = 0, -5*p + q = 93 - 1183. What are the prime factors of p?
7, 31
Let z be (-1)/(-3) - 87/(-9). Suppose 3*f - z = 20. List the prime factors of f.
2, 5
Suppose x + 4*h - 428 = 0, x = 5*x + 3*h - 1777. What are the prime factors of x?
2, 7
Suppose 8648 = -75*n + 122*n. What are the prime factors of n?
2, 23
Suppose -8*f = -7*f + 166. Let b = -290 - f. Let q = -64 - b. What are the prime factors of q?
2, 3, 5
Suppose m = 5*h + 14, 4*h - 3*m + 33 = 13. Let v(p) = 5*p - 1. Let t(g) = 10*g - 3. Let x(z) = h*t(z) + 5*v(z). What are the prime factors of x(2)?
11
Let w be -4*3*3/(-9). List the prime factors of 1/(w/230)*(1 + 1).
5, 23
Let h(v) = -v**3 + 5*v**2 + 6*v + 6. Let i be h(6). Suppose -3*o = -i*o + 150. What are the prime factors of o?
2, 5
Suppose 8*v - 3733 - 2443 = 0. What are the prime factors of v?
2, 193
Let a(t) be the second derivative of 2*t**3/3 - 9*t**2/2 - 10*t. What are the prime factors of a(12)?
3, 13
Suppose 0 = a, -2*a - 265 = 2*x - 1625. Suppose -x = -5*r - 5*m, 6*m - 4*m = -r + 140. List the prime factors of r.
2, 3, 11
Suppose -15350 - 41959 = -21*t. What are the prime factors of t?
2729
Suppose 11*j - 10*j = 0. Suppose j = -2*u + 6*u - 484. Let m = u - 84. What are the prime factors of m?
37
Let z be ((-53)/(-1) + 0)*1. Suppose 5*t = l + 67, 6 + z = 4*t + l. Suppose t = -3*n + 74. List the prime factors of n.
2, 5
Let n = 180 - 286. Let i = -44 - n. List the prime factors of i.
2, 31
Let y(q) = -9*q**3 - 5*q**2 + 3*q + 1. Let k be y(-3). Suppose -4*t = -2*l - k, -2*t + 7*t - 243 = -3*l. List the prime factors of t.
2, 3
Suppose -t = -47 - 45. Suppose 69 = 7*x - t. List the prime factors of x.
23
Suppose m = -5*r + 13, 4*m = -2*r + 9 + 7. Let j be ((-4)/r)/(14/(-133)). Let z = j + -7. List the prime factors of z.
2, 3
Let w(u) = -10*u - 29. Let y be w(-3). What are the prime factors of y/3 + (-5058)/(-54)?
2, 47
Let z = 226 - 126. List the prime factors of z/3*48/20.
2, 5
Let g(t) = t**3 + 6*t**2 + t + 1. Let r be g(-4). Let a = 48 - r. Let c = 6 + a. List the prime factors of c.
5
Let w = 626 + -189. Let g = w - 253. List the prime factors of g.
2, 23